e number?
False
Let z(b) = 14*b - 7. Let c(o) = -o**3 - 7*o**2 + 10*o + 8. Let i be c(-8). Let l be z(i). Let n = l - -306. Is n composite?
True
Suppose 3*j - 4*h + h = -36, -3*j - 36 = 4*h. Is (168/35)/j*77685/(-6) a prime number?
True
Let s(c) = -4*c**2 - 4*c + 12. Let q be s(2). Let h(x) = x**2 + x + 67. Is h(q) a composite number?
False
Suppose -20848 = 25*s - 74448. Suppose 2*l + 2*l - s = -3*k, 4*k + 2649 = 5*l. Is l a prime number?
False
Suppose p - 48 = 3*i + 5, -2*p + 133 = 3*i. Let w = p - -319. Is w a composite number?
True
Suppose -i + 45 = 5*y, -4*y - 2*i - 1 = -37. Suppose 0 = -y*r + 6*r + 2511. Is 6/(-8) + r/12 a prime number?
False
Suppose 495041 = -41*x + 34289578. Is x a prime number?
False
Suppose 4*o = 3*u - u + 1263852, -631924 = u - 3*o. Is (u/15)/13*3/(-2) a composite number?
False
Let a be (32/6 - 0)*525/100. Let i be a/70 - (-53)/5. Is -1 - i*1/(1/(-2)) prime?
False
Suppose -j = 2*j - 3*t - 62850, -83827 = -4*j - 5*t. Is j prime?
False
Let m be 15 - ((8 + -5 - 1) + 0). Suppose -3827 = -m*w + 5936. Is w composite?
False
Let s = -108659 + 701688. Is s a prime number?
True
Let n(o) = 2566*o**3 - 2*o**2 + 70*o - 291. Is n(5) a prime number?
True
Suppose 2*t - 27063 = -0*i + i, -5*t + 4*i = -67653. Suppose -y + 40*b + t = 38*b, -2*y + 27086 = b. Is y a prime number?
False
Is (24209 - -3)*1341/42*(-7)/(-6) a composite number?
True
Let r be (-1 - -2)/(1/5). Let q be -12 + -5 + 7 - -5 - -6. Is 5/r + (-3 + 320 - q) a prime number?
True
Let z(r) be the second derivative of r**5/20 + r**3/6 - 3*r**2/2 - 15*r. Let q be z(1). Is 2624/8 + (0 - 1) + q a composite number?
True
Suppose 4*t + 14 = -o, -o - 5*t - 14 = 2*o. Let k be ((-90)/20)/(o/(-204)). Suppose 0 = h + 142 - k. Is h a prime number?
True
Is 7/3 - (-11200734)/81 prime?
True
Let k(d) = 1188*d**2 + 228*d + 1351. Is k(-6) a prime number?
True
Let u be (22/(-3))/((-1)/6*2). Let x be (-12)/66 + 1610/u. Let f = x + -22. Is f a composite number?
True
Let s(p) be the first derivative of 3*p**2/2 - 21*p + 17. Let z be s(11). Suppose f + z*f - 26377 = 0. Is f prime?
True
Let k = -3692 + 737. Let s = 12058 - k. Is s prime?
True
Let d be (8/28)/(3/63). Suppose h + d*v = 10*v + 8651, 43312 = 5*h - v. Is h a prime number?
True
Let q(z) = 36*z**2 - 9*z**2 + 25 - 55 + 23. Let j = -40 + 46. Is q(j) a composite number?
True
Is (-1774347)/(-51) - ((-441)/153 + 3) composite?
True
Let f = -223 - -152. Let u = f + 54. Let k(w) = w**3 + 21*w**2 - 21*w + 30. Is k(u) composite?
False
Suppose k - 636033 = -2*h, -35*k + 636053 = -34*k - 3*h. Is k composite?
True
Suppose 0 = -5*d + 10*d + 14140. Let z = d - -5824. Let h = z + -1559. Is h a composite number?
True
Suppose 5*z - 229280 = 5*a, 0 = 2*z - 75*a + 77*a - 91700. Is z a composite number?
False
Let a(l) = -118*l**3 + l**2 - 1. Let d be a(-1). Let p = d + -19. Let c = p + -60. Is c prime?
False
Suppose 0 = -4*m - d + 187997, 0 = -d + 1. Suppose m = 16*u - 30777. Is u a composite number?
False
Let m(t) be the first derivative of 8*t**3/3 + 5*t**2/2 + 7*t + 4. Let y be m(-7). Suppose -j + y = 4*w, w - 2*j - 91 = -5*j. Is w composite?
True
Let c(y) = 3000*y**3 + 24*y - 5. Is c(4) prime?
True
Suppose 6*b + 2 = 14. Let x(n) = 613*n - 13. Is x(b) prime?
True
Let d(s) = -2*s**3 + 21*s**2 - 19*s + 38. Let y be d(18). Let u = y + 3016. Let t = u + 3559. Is t a prime number?
False
Is (3 + (-6)/3)/(36/11052) composite?
False
Let g(l) = 355*l**3 - 16*l**2 + 91*l - 1. Is g(6) composite?
False
Let n be (24/10)/((-36)/90). Let x be (-11368)/n + 11/33. Is (-2 + 4)*x/10 composite?
False
Suppose 20*m - 354359 = 16*m - 3*w, -2*m + 2*w = -177176. Is m a prime number?
True
Let v = 232 - 259. Let w(y) = 2*y**3 + 56*y**2 + 24*y + 67. Is w(v) composite?
False
Suppose -34*z + 455 = -871. Suppose z*s + 19198 = 41*s. Is s a prime number?
False
Let i(v) = 44*v + 11 - v**2 - 86*v + 43*v. Let s be i(3). Suppose 0 = -3*k - s*k + 368. Is k prime?
False
Let a = 131 + -122. Suppose 2*k + k = a. Suppose 4*i - 2*p = 11676, i - 944 = -k*p + 1989. Is i composite?
True
Let y = 154 + -103. Is (-2)/(-3) - (-120275)/y a prime number?
False
Suppose 5*y - 1232044 = -3*v, -4*v = 19*y - 14*y - 1232047. Is y a prime number?
False
Let w = -435 - -4980. Suppose b + 4*y = w, -5*b + 3*y + 34647 = 11945. Is b a prime number?
False
Suppose 2*i = 5*g + 3 + 22, 0 = 2*g + 6. Suppose 2*f = -i*m + 2*m + 18511, 3*f = -2*m + 12349. Is m composite?
True
Suppose 0 = 108*r - 90*r - 270. Suppose 15*s - 203370 = -r*s. Is s prime?
True
Is (-2)/12 + (49336630/84)/35 prime?
False
Let i(t) = 2*t**2 + 19*t + 4. Let y be 2*((-190)/40 - (-1)/4). Let q be i(y). Let k(g) = -111*g - 10. Is k(q) a prime number?
False
Let h(p) = -p**3 + 8*p**2 + p - 5. Let d be h(8). Suppose 4*f - 8*f - y = -9, -3*f - 4*y = d. Suppose f*a = -136 + 1159. Is a a composite number?
True
Suppose -3*n = -4*p - 2*n + 3194273, -13*p + 4*n = -10381385. Is p a composite number?
False
Suppose -2*n + 113124 = -5*o, n - 5*n + 226222 = 3*o. Is n a prime number?
False
Suppose -5*d + 4434 = -2*x, -3*d - 3*x + 4424 = 2*d. Let m = d - 212. Is m composite?
True
Suppose 12 = -5*a - 48. Let u be 2 - 4/(a/33). Let b(c) = -c**3 + 13*c**2 + 17*c - 7. Is b(u) a composite number?
True
Suppose -17 = 2*z - 17, -5*p + 311335 = 5*z. Is p prime?
False
Let a = -4223985 - -6100796. Is a a prime number?
False
Let u(n) = 8*n + 37. Let r be u(-5). Is 3/(15*r/(-24630)) a composite number?
True
Is (-8)/(-14) + 9 + 611634/21 composite?
True
Suppose -3*c + 5*n + 18 = -3, -2*n - 6 = 0. Suppose c*p + 137 = 951. Is p a prime number?
False
Let f(x) = 4459*x**3 + 14*x**2 + 2*x - 3. Is f(2) a composite number?
False
Let j(a) = 50*a**2 - 2 + 34*a**2 + 3 - 5*a - 4. Is j(-4) prime?
True
Let d = 3332 - 1722. Let u = -861 + d. Is u prime?
False
Let h(d) = 21*d**3 - 3*d**2 + d - 2. Let j = 51 - 56. Let y be ((-2)/j)/(2/15). Is h(y) prime?
True
Let l(k) = k**3 - 8*k**2 - 3*k - 7. Suppose -23*i = -19*i - 44. Is l(i) a prime number?
False
Suppose 5833 = 3*c - 425. Suppose -4*t + c = -20226. Is t prime?
False
Let c = 204 - 199. Is -1 + 690/c - -4 a prime number?
False
Suppose -p = -j + 11, -4*j = -7*j - 4*p + 47. Suppose j = -3*k + 2*y + 3*y, 4*y = -3*k + 32. Let o = k + 207. Is o composite?
False
Suppose -2*a + 10 = -4*j, 5*j = 4*a - 0*a - 23. Suppose -a*h + 4 = -5*h. Suppose 4*v = 3*p + 1760, -4*v - 2*p + 1788 = h*p. Is v a composite number?
False
Let o(c) = -c + 32. Let h be o(16). Suppose -3*k = -7*k + h. Suppose -5*m = 3*v - 8362, 11154 = k*v + 2*m - 0*m. Is v composite?
False
Suppose 0 = -3*x - 3*x + 66. Suppose 69 = x*a + 14. Suppose 3*v + 4*z + 5624 = 7*v, a*v + z - 7048 = 0. Is v prime?
True
Let u = -6 + 9. Suppose 2*n - o = 2*o + 12, -u*n + 17 = -5*o. Is 0 - (n/(-3) - 8) a composite number?
False
Let d = 152 - 8. Suppose d*g - 541870 = 130*g. Is g prime?
False
Let c(o) = -2*o**3 + o**2 + 8*o - 10. Let y be c(5). Let k = y - -206. Is k composite?
False
Let b be 0/(-4 - (-6)/2). Suppose -v - 2*g - 1545 = b, -v - 5*g = -431 + 1976. Is (0 - -1) + (-15 - v) a composite number?
False
Let q(y) = 819 - 291 + 88 + y**2 + 1041 - 3*y. Is q(0) prime?
True
Let g be (50/(-40))/((-2)/8). Suppose 0 = -g*y + 78 + 22. Suppose -293 = -21*q + y*q. Is q a prime number?
True
Let k(h) = -h**2 - 2*h - 72. Let x be k(0). Let s be 2/8 + (-126)/x. Let b(w) = 512*w + 13. Is b(s) a prime number?
False
Suppose -3*c + 76182 = x, -67*c - 25381 = -68*c + 4*x. Is c composite?
True
Let l(b) = -332*b + 1. Let a be l(-1). Let i be ((-44)/77 - 280/(-147))/(4/(-6)). Let o = a + i. Is o a prime number?
True
Let l(v) = 10330*v**2 - 11*v + 3. Let o be l(-3). Suppose o = 14*f + 4*f. Is f composite?
False
Suppose -56 = d + 2*w, 0*w - 97 = 2*d + w. Let o = d - -49. Is 4447/o - 28/21 a composite number?
False
Suppose -4*t - 4*i = -4, -4*t + 4*i = t - 14. Suppose k = 6*j - t*j + 133, -4*k + 592 = -j. Is k prime?
True
Suppose 6713*q - 6772*q + 14758673 = 0. Is q a composite number?
False
Let r = -506523 + 764408. Is r a composite number?
True
Suppose -282*z = -536*z + 8963914. Is z a prime number?
True
Suppose -5*j + j + 12 = 0. Suppose 4*o = -a + 13086, j*a = 5*o + 4764 - 21113. Is o a composite number?
False
Suppose 3*r - 509*v = -511*v + 1043607, 3*r - 1043595 = 2*v. Is r prime?
False
Suppose 5*h - 6494783 = -3*z, -h - 3